 -62 (base 11) in base 10?
-68
322 (base 5) to base 7
153
What is 14 (base 16) in base 9?
22
-b1 (base 14) to base 8
-233
3 (base 10) to base 4
3
Convert 1011 (base 2) to base 14.
b
43 (base 8) to base 11
32
What is -14 (base 5) in base 14?
-9
Convert 25 (base 6) to base 8.
21
Convert 4 (base 5) to base 14.
4
Convert -1 (base 5) to base 10.
-1
What is 0 (base 7) in base 3?
0
Convert -3 (base 5) to base 6.
-3
Convert -200 (base 5) to base 13.
-3b
Convert -203 (base 4) to base 9.
-38
Convert 10110100 (base 2) to base 5.
1210
What is 103 (base 4) in base 9?
21
2 (base 12) to base 9
2
Convert -11 (base 5) to base 12.
-6
3 (base 15) to base 8
3
Convert 9 (base 12) to base 2.
1001
0 (base 9) to base 15
0
Convert -11 (base 12) to base 14.
-d
30 (base 14) to base 10
42
What is 1201 (base 3) in base 7?
64
What is -59 (base 15) in base 13?
-66
Convert -34 (base 14) to base 4.
-232
What is 28 (base 16) in base 13?
31
What is 1 (base 2) in base 5?
1
What is -6 (base 11) in base 10?
-6
What is -3 (base 10) in base 4?
-3
Convert 23 (base 7) to base 9.
18
What is 2202 (base 4) in base 14?
b8
What is 1011001 (base 2) in base 12?
75
101 (base 3) to base 8
12
What is 1 (base 3) in base 14?
1
-100001100 (base 2) to base 11
-224
105 (base 8) to base 13
54
What is 213 (base 4) in base 13?
30
Convert 1 (base 6) to base 16.
1
-18 (base 10) to base 13
-15
-128 (base 14) to base 9
-277
-21 (base 4) to base 2
-1001
Convert -24 (base 5) to base 13.
-11
Convert -3 (base 13) to base 10.
-3
Convert -12000 (base 3) to base 15.
-90
-8 (base 9) to base 15
-8
What is 5 (base 16) in base 5?
10
Convert -57 (base 13) to base 16.
-48
2 (base 15) to base 2
10
-211 (base 5) to base 16
-38
2031 (base 4) to base 8
215
Convert -503 (base 6) to base 13.
-111
Convert 1b (base 14) to base 13.
1c
0 (base 12) to base 9
0
Convert -a4 (base 12) to base 14.
-8c
2 (base 4) to base 7
2
Convert -1 (base 3) to base 9.
-1
What is -21 (base 3) in base 10?
-7
Convert 1 (base 9) to base 14.
1
What is -1 (base 7) in base 14?
-1
Convert 0 (base 14) to base 9.
0
-2 (base 16) to base 2
-10
What is 202 (base 3) in base 4?
110
What is -30 (base 12) in base 16?
-24
What is 27 (base 10) in base 7?
36
What is 5 (base 10) in base 9?
5
Convert 2a (base 13) to base 11.
33
1 (base 7) to base 10
1
Convert -1 (base 8) to base 15.
-1
What is -6 (base 9) in base 5?
-11
Convert -23 (base 6) to base 12.
-13
Convert -12 (base 3) to base 5.
-10
What is 0 (base 11) in base 4?
0
Convert 2 (base 10) to base 7.
2
-1 (base 12) to base 16
-1
Convert 6 (base 7) to base 5.
11
What is -12 (base 6) in base 3?
-22
Convert -1241 (base 5) to base 7.
-400
-104 (base 6) to base 2
-101000
2 (base 4) to base 6
2
1ba (base 12) to base 13
190
112 (base 14) to base 15
e2
What is 131 (base 8) in base 9?
108
What is 361 (base 7) in base 10?
190
Convert -1 (base 3) to base 13.
-1
What is -27 (base 10) in base 11?
-25
-1010110 (base 2) to base 10
-86
What is 132 (base 5) in base 11?
39
What is 1 (base 14) in base 2?
1
-ce (base 15) to base 11
-167
What is 0 (base 2) in base 4?
0
17 (base 9) to base 12
14
Convert -3 (base 10) to base 5.
-3
What is -24 (base 7) in base 12?
-16
-1 (base 7) to base 4
-1
16 (base 10) to base 16
10
What is b9 (base 13) in base 7?
305
What is -7 (base 9) in base 5?
-12
3 (base 14) to base 15
3
What is -1 (base 16) in base 10?
-1
Convert -16 (base 7) to base 10.
-13
Convert 3 (base 16) to base 9.
3
What is -40 (base 5) in base 2?
-10100
Convert -2 (base 13) to base 15.
-2
1241 (base 5) to base 13
121
-75 (base 8) to base 12
-51
-3 (base 8) to base 6
-3
What is 28 (base 12) in base 11?
2a
Convert -8 (base 12) to base 8.
-10
What is 1c (base 15) in base 12?
23
What is -3 (base 9) in base 8?
-3
What is 48 (base 10) in base 2?
110000
Convert 2 (base 9) to base 15.
2
What is -6 (base 10) in base 3?
-20
What is 1 (base 9) in base 11?
1
Convert -10 (base 13) to base 7.
-16
What is 0 (base 4) in base 9?
0
17a (base 13) to base 12
1a6
Convert 121 (base 4) to base 3.
221
Convert 101 (base 3) to base 6.
14
What is 20 (base 5) in base 9?
11
Convert -410 (base 6) to base 16.
-96
What is 1 (base 7) in base 16?
1
-20 (base 7) to base 15
-e
What is -65 (base 11) in base 16?
-47
Convert 0 (base 15) to base 7.
0
-2212 (base 3) to base 16
-4d
133 (base 16) to base 14
17d
1 (base 3) to base 12
1
What is -2 (base 3) in base 9?
-2
What is 7 (base 13) in base 5?
12
-212 (base 8) to base 7
-255
What is 5 (base 7) in base 9?
5
9 (base 12) to base 13
9
2 (base 3) to base 16
2
Convert 25 (base 10) to base 3.
221
Convert -1021 (base 3) to base 10.
-34
-1000000 (base 2) to base 3
-2101
36 (base 7) to base 3
1000
Convert 4 (base 7) to base 16.
4
What is 1011 (base 4) in base 16?
45
Convert -a3 (base 16) to base 9.
-201
What is -6 (base 7) in base 10?
-6
-12 (base 8) to base 3
-101
What is 202 (base 3) in base 2?
10100
What is -90 (base 13) in base 14?
-85
-3 (base 16) to base 9
-3
Convert -15 (base 6) to base 9.
-12
Convert 2 (base 9) to base 4.
2
What is -1104 (base 5) in base 14?
-b0
What is 10111 (base 2) in base 7?
32
133 (base 4) to base 16
1f
What is -7 (base 13) in base 11?
-7
Convert -5 (base 13) to base 11.
-5
3 (base 10) to base 7
3
What is 0 (base 7) in base 4?
0
Convert -6 (base 16) to base 7.
-6
-80 (base 15) to base 2
-1111000
-3221 (base 4) to base 14
-129
101 (base 5) to base 13
20
What is -2 (base 13) in base 5?
-2
Convert -10 (base 9) to base 15.
-9
What is -109 (base 12) in base 9?
-180
What is 2 (base 3) in base 12?
2
13 (base 16) to base 5
34
-11 (base 2) to base 5
-3
What is 3 (base 14) in base 3?
10
524 (base 7) to base 9
322
What is -204 (base 6) in base 7?
-136
5 (base 7) to base 10
5
Convert 61 (base 11) to base 13.
52
Convert -44 (base 5) to base 11.
-22
Convert 0 (base 14) to base 7.
0
What is 44 (base 8) in base 11?
33
-21 (base 3) to base 4
-13
Convert -10021 (base 3) to base 2.
-1011000
Convert -36 (base 7) to base 4.
-123
Convert a (base 16) to base 5.
20
Convert -40 (base 8) to base 7.
-44
81 (base 12) to base 4
1201
4 (base 13) to base 8
4
Convert -8 (base 16) to base 9.
-8
What is -4 (base 11) in base 2?
-100
11 (base 9) to base 3
101
Convert 182 (base 15) to base 14.
1ab
3 (base 14) to base 15
3
What is -56 (base 12) in base 16?
-42
Convert 100010 (base 2) to base 9.
37
What is -122 (base 6) in base 10?
-50
Convert 8d (base 15) to base 6.
341
What is -62 (base 14) in base 2?
-1010110
-6 (base 8) to base 4
-12
Convert 26 (base 7) to base 13.
17
-18 (base 16) to base 2
-11000
-1044 (base 5) to base 3
-12112
What is 1 (base 10) in base 2?
1
What is 2 (base 7) in base 15?
2
Convert 1 (base 16) to base 3.
1
What is 3 (base 7) in base 15?
3
What is -4 (base 15) in base 2?
-100
Convert -54 (base 7) to base 3.
-1110
Convert -1104 (base 5) to base 8.
-232
What is 8 (base 13) in base 7?
11
What is 3 (base 11) in base 12?
3
215 (base 12) to base 4
10301
What is -31 (base 10) in base 12?
-27
What is -3 (base 6) in base 11?
-3
-14 (base 9) to base 13
-10
Convert -24 (base 15) to base 8.
-42
-2 (base 8) to base 14
-2
-182 (base 14) to base 7
-622
322 (base 9) to base 12
19b
What is -101 (base 5) in base 4?
-122
What is 16 (base 9) in base 11?
14
Convert 328 (base 10) to base 16.
148
What is 6 (base 11) in base 4?
12
What is 1 (base 9) in base 10?
1
What is -20 (base 7) in base 14?
-10
1131 (base 6) to base 9
331
Convert -3 (base 4) to base 10.
-3
64 (base 7) to base 12
3a
Convert 11121 (base 3) to base 11.
103
Convert 1050 (base 6) to base 12.
186
What is -205 (base 11) in base 2?
-11110111
What is -220 (base 5) in base 7?
-114
0 (base 9) to base 6
0
What is 23 (base 11) in base 6?
41
What is -4 (base 12) in base 5?
-4
Convert -3c (base 16) to base 8.
-74
Convert -1a (base 12) to base 8.
-26
Convert -72 (base 11) to base 4.
-1033
Convert -4 (base 14) to base 3.
-11
What is 0 (base 7) in base 5?
0
Convert 3d (base 16) to base 7.
115
-d (base 14) to base 6
-21
What is -1222 (base 3) in base 12?
-45
What is 3 (base 14) in base 2?
11
Convert 40 (base 9) to base 7.
51
Convert -2 (base 4) to base 16.
-2
Convert 234 (base 5) to base 14.
4d
Convert 1 (base 12) to base 9.
1
-e (base 16) to base 13
-11
112 (base 4) to base 7
31
-10111 (base 2) to base 7
-32
-3 (base 16) to base 5
-3
Convert -4f (base 16) to base 11.
-72
6 (base 14) 